c + 0*w + w + 27 = 0, -4*w + 12 = 0. Suppose h - 5*v - 20 = 0, -5*v = 4 + 6. Calculate the greatest common factor of c and h.
5
Let v(d) = 2*d - 2. Let u be v(3). Suppose -2 = -r - 0*r, -4*r = -u*f + 44. What is the highest common factor of 13 and f?
13
Let g be 10/35 - 369/(-7). Suppose 0 = -5*u + 3*d + 63, 0*u = -4*u + 5*d + g. Calculate the greatest common divisor of u and 6.
6
Let p be 1*-1 + (2 - 3). Let m be 6/3 - -76 - p. Suppose 4*l - 64 = 5*d, 0 = -0*l - l - 5*d + 16. What is the highest common factor of m and l?
16
Suppose -d - 5*h + 45 = d, 5*h + 15 = 4*d. Let n be (d/8)/((-2)/(-8)). Calculate the highest common factor of 5 and n.
5
Let u be 4 + (-21)/3 + 42. What is the greatest common factor of u and 429?
39
Suppose 4*y + 14*y - 2106 = 0. What is the greatest common factor of y and 9?
9
Suppose 2*h - 2 - 4 = 0. Suppose 17 = 4*i - 3. Suppose 0 = -3*j - 5*c + 43, i*j + 5*c - 40 = h*c. Calculate the greatest common factor of j and 18.
6
Let v be 480/22 - 2/(-11). Let t(j) = 5*j + 5. Let x be (-68)/(-7) + (-8)/(-28). Let q be t(x). What is the greatest common divisor of q and v?
11
Suppose 0 = -p - 2*p + 255. Let n(j) be the third derivative of -j**4/8 + 5*j**3/6 - 5*j**2. Let l be n(-4). What is the highest common divisor of l and p?
17
Let d be (0 + -1)*15*-1. Let v(y) = 15*y**2 - 1. Let m be v(-1). Let c = m + 106. What is the greatest common factor of c and d?
15
Let v be (-4 + 4)*(0 + -1). Suppose v = 3*x - 37 + 4. What is the highest common factor of x and 121?
11
Suppose 0 = d - 2*d. Suppose -o + 30 - 2 = d. Suppose -3*u - 5*i = -95, -u + 2*u = 2*i + o. What is the highest common divisor of 75 and u?
15
Let j(d) = -4*d - 5. Let s be j(-4). Let f = 185 - 108. What is the highest common factor of s and f?
11
Suppose 3*w + w - u - 40 = 0, -w = -4*u - 10. Calculate the greatest common factor of w and 50.
10
Let p be -39*(3 - 2) + 2. Let m = -7 - p. Calculate the greatest common factor of m and 12.
6
Let v be 4/(-30) - 302/(-15). Calculate the highest common divisor of v and 60.
20
Let w(l) be the second derivative of 2*l**4/3 - l**3/3 + 2*l**2 - 9*l. Let k be w(3). Calculate the highest common factor of 7 and k.
7
Let q be ((-28)/(-21))/((-1)/(-36)). Suppose 6*s = 8*s - q. Calculate the highest common factor of 36 and s.
12
Suppose -1 + 6 = 5*m. Let v be 2*33/6 + m. Let j be (-36)/24 - 22/(-4). Calculate the greatest common divisor of j and v.
4
Let b(h) = -h + 9. Let s be b(-4). What is the highest common divisor of s and 65?
13
Let y = 28 + -18. Let k(x) = x**3 - 6*x**2 + 7*x - 8. Let t be k(7). What is the highest common factor of y and t?
10
Suppose -3*u = o + 311, -3*u + o = -2*u + 101. Let h be (-11 - u) + 5 + -1. What is the highest common factor of 12 and h?
12
Suppose 3*r + 4 = 5*r. Suppose u + 0 = 3*a - 1, a - 33 = -r*u. What is the highest common divisor of 28 and u?
14
Suppose -2 = 5*t + 8. Let s(b) = -2*b - 2. Let c be s(t). Let v = 10 - 8. Calculate the highest common divisor of c and v.
2
Let f be 2/4 - (-3)/(-6). Suppose -57 = -5*j + 2*w, -j + 33 = -f*j + 5*w. Calculate the greatest common factor of j and 13.
13
Let u be (-18 - 2)*3/(-2). What is the highest common divisor of u and 10?
10
Let c(l) = -5*l - 1. Let a be c(-1). Suppose -3*p - p = -2*x - 20, -4*x + 3*p = 30. Let i be (-38)/x - a/12. What is the greatest common divisor of i and 4?
2
Let o(a) = -a - 6. Let i(j) = 1. Let c be (-100)/16 + (-1)/(-4). Let w(n) = c*i(n) - o(n). Let d be w(6). Calculate the greatest common factor of 48 and d.
6
Let y = 9 - 5. Suppose -y*w = 4*m - 340, -6*w - 5*m = -4*w - 173. Let i be (-188)/(-16) - 2/(-8). What is the greatest common divisor of i and w?
12
Let o be -1 + (4 - 3) + 45. Calculate the highest common divisor of o and 9.
9
Suppose -52 + 16 = -4*i. Let n be 20/(-30) + (-40)/(-6). Calculate the greatest common divisor of n and i.
3
Let y = 23 + -2. Let a = -2 - -8. Suppose -335 = -2*v - n, -v - a*n = -4*n - 166. Calculate the greatest common divisor of y and v.
21
Suppose 25 = -2*u + 179. Let i = u - 23. What is the highest common factor of i and 6?
6
Let j(a) = -a**3 + 6*a**2 - a - 3. Suppose 0 = -3*w + 1 + 5, 0 = z + 2*w - 9. Let s be j(z). Let q = -34 + 102. Calculate the highest common factor of s and q.
17
Let j = 116 + -111. What is the greatest common factor of j and 65?
5
Let v(c) = -c**3 - 32*c**2 + c + 44. Let p be v(-32). Let u(g) = -11*g**3 - 2*g**2 - g + 2. Let x be u(-2). Calculate the greatest common factor of p and x.
12
Let p(d) = 4*d**3 + 3*d - 2. Let r be p(2). Calculate the greatest common divisor of r and 9.
9
Let d(p) = -p + 1. Let a be d(-4). Suppose 69 + 81 = a*w. Let s(q) = -q**3 + 9*q**2 - 6*q - 6. Let f be s(8). What is the highest common factor of w and f?
10
Let t be 25 + -22 + -1 + 6. What is the highest common divisor of t and 24?
8
Let p(v) = -v**3 - 4*v**2 + 4*v. Let b be p(-5). Calculate the highest common divisor of 20 and b.
5
Let z(l) = 3*l**3 - l**2 - 6. Let d be z(2). Suppose 3*h - h + 4 = -3*c, 5*h - 7 = c. Let a be c/(-4) + 27/2. Calculate the highest common factor of d and a.
14
Let m(h) = -h**3 - 3*h**2 + h - 3. Suppose -5*z = 17 + 13. Let t be m(z). Suppose -d + t = 2*d. What is the greatest common factor of d and 3?
3
Let b = 17 + -2. Let h(m) = -m**3 - m**2 + 4*m - 1. Let o be h(-3). Suppose 0 = -o*c + 4 + 1, 2*c = -3*x + 20. Calculate the greatest common factor of x and b.
3
Let z(g) = -21*g - 3. Let n be z(-3). Let l(k) = k + 1. Let s be l(6). Let x = 19 - s. What is the highest common factor of x and n?
12
Suppose 18 = -0*v + 3*v. Suppose 5*x - 425 = v*z - 3*z, 63 = x - 5*z. What is the highest common divisor of x and 22?
22
Let i(x) = x**2 + 10*x - 13. Suppose 2*j - 5*l = -49, 10 = 3*l - l. Let a be i(j). What is the highest common factor of a and 44?
11
Suppose -5*l - 8 + 43 = 5*v, 5*v - 26 = -2*l. Suppose 0 = -s + 5*s - 176. Calculate the greatest common factor of s and v.
4
Suppose 0 = -4*n - 3*u + 18 + 1, 2*u = 5*n - 18. Suppose 2*f = n*f. Let c(b) = b**2 + b + 5. Let v be c(f). Calculate the highest common divisor of v and 20.
5
Suppose 1 = -o - 0*d + d, 5*d + 22 = -4*o. Let r be 3/(o/(-2)) + 5. Let x = -41 - -104. What is the greatest common factor of r and x?
7
Let u = 21 - 26. Let m(q) = -q**3 + 8*q - 5. Let o be m(u). Calculate the highest common factor of o and 20.
20
Let t be (18/(-4))/((-4)/24). What is the highest common factor of t and 9?
9
Let w be (-38)/(-2) - (-6 - 20/(-10)). Calculate the greatest common divisor of 207 and w.
23
Let o be -5 + -6*1/(-2). Let i be 4/(0/o - -2). Suppose 60 = d + i*d. What is the greatest common divisor of d and 4?
4
Let d = 43 + -25. Suppose 2*x + d = 3*x. Calculate the greatest common divisor of 45 and x.
9
Let i(d) = 9*d**2 - 2*d - 3 + 4*d + d. Let w be i(2). Suppose -2*a = 4*c - 112, 3*c - 5*a = c + 32. What is the greatest common factor of w and c?
13
Suppose 0 = -p + 9 - 7. What is the greatest common factor of p and 8?
2
Let s(j) = -j**2 + 5*j + 6. Let r be s(4). Calculate the highest common factor of 2 and r.
2
Let h(v) = -v**3 - 5*v**2 - 2*v - 2. Let i be h(-5). What is the greatest common factor of 4 and i?
4
Suppose 2*t + 2*k - 48 - 8 = 0, 2*t + 3*k = 60. Calculate the highest common divisor of t and 3.
3
Suppose 8*z - 22 = -3*z. Calculate the greatest common factor of z and 2.
2
Let a be (4 + -5)*(0 + -8). What is the greatest common factor of a and 80?
8
Suppose 4*o + 4*n - 192 = 0, 0*o - 4*n = -4*o + 224. Calculate the greatest common divisor of 130 and o.
26
Let u be 2/(-5)*40/(-2). Let n(o) = o**2 + 12*o + 10. Let c be n(-11). Let r(j) = -j + 1. Let m be r(c). Calculate the highest common factor of m and u.
2
Let j(l) = l**2 - 7*l + 4. Let v be j(11). What is the greatest common divisor of v and 16?
16
Suppose -2*j - 3*z - 9 = -6*z, -j - 5*z = -28. Suppose 4*s - 2*c - 26 = 0, j*s + 5*c = 1 - 14. Calculate the greatest common factor of 4 and s.
4
Let h(b) = 26*b**3 - 3*b**2 - 6*b + 8. Let d be h(2). What is the greatest common factor of 16 and d?
16
Suppose -10*s + 7*s = 0. Suppose s = -n - 3*y + 68 - 26, 5*y + 185 = 4*n. What is the greatest common divisor of n and 18?
9
Let i be (410/(-25))/((-4)/10). Suppose 31 = 3*n - i. What is the highest common factor of 8 and n?
8
Let u be -176*(-3 + 0 + 2). Ca